{"id":3,"date":"2021-03-03T23:39:32","date_gmt":"2021-03-03T23:39:32","guid":{"rendered":"https:\/\/minifletes.com.mx\/?page_id=3"},"modified":"2023-03-24T07:01:45","modified_gmt":"2023-03-24T07:01:45","slug":"politica-privacidad","status":"publish","type":"page","link":"https:\/\/minifletes.com.mx\/index.php\/politica-privacidad\/","title":{"rendered":"Pol\u00edtica de privacidad"},"content":{"rendered":"\t\t<div data-elementor-type=\"wp-page\" data-elementor-id=\"3\" class=\"elementor elementor-3\">\n\t\t\t\t\t\t<section class=\"elementor-section elementor-top-section elementor-element elementor-element-1248f514 elementor-section-content-middle elementor-section-boxed elementor-section-height-default elementor-section-height-default\" data-id=\"1248f514\" data-element_type=\"section\">\n\t\t\t\t\t\t<div class=\"elementor-container elementor-column-gap-no\">\n\t\t\t\t\t<div class=\"elementor-column elementor-col-50 elementor-top-column elementor-element elementor-element-518a5875\" data-id=\"518a5875\" data-element_type=\"column\">\n\t\t\t<div class=\"elementor-widget-wrap elementor-element-populated\">\n\t\t\t\t\t\t<div class=\"elementor-element elementor-element-65ab00a2 elementor-widget elementor-widget-image\" data-id=\"65ab00a2\" data-element_type=\"widget\" data-widget_type=\"image.default\">\n\t\t\t\t<div class=\"elementor-widget-container\">\n\t\t\t\t\t\t\t\t\t\t\t\t\t<img fetchpriority=\"high\" decoding=\"async\" width=\"1600\" height=\"1072\" src=\"https:\/\/minifletes.com.mx\/wp-content\/uploads\/2021\/03\/amarillo.png\" class=\"attachment-full size-full wp-image-23\" alt=\"\" srcset=\"https:\/\/minifletes.com.mx\/wp-content\/uploads\/2021\/03\/amarillo.png 1600w, https:\/\/minifletes.com.mx\/wp-content\/uploads\/2021\/03\/amarillo-300x201.png 300w, https:\/\/minifletes.com.mx\/wp-content\/uploads\/2021\/03\/amarillo-1024x686.png 1024w, https:\/\/minifletes.com.mx\/wp-content\/uploads\/2021\/03\/amarillo-768x515.png 768w, https:\/\/minifletes.com.mx\/wp-content\/uploads\/2021\/03\/amarillo-1536x1029.png 1536w\" sizes=\"(max-width: 1600px) 100vw, 1600px\" \/>\t\t\t\t\t\t\t\t\t\t\t\t\t<\/div>\n\t\t\t\t<\/div>\n\t\t\t\t\t<\/div>\n\t\t<\/div>\n\t\t\t\t<div class=\"elementor-column elementor-col-50 elementor-top-column elementor-element elementor-element-62b1fbab\" data-id=\"62b1fbab\" data-element_type=\"column\">\n\t\t\t<div class=\"elementor-widget-wrap elementor-element-populated\">\n\t\t\t\t\t\t<div class=\"elementor-element elementor-element-63beccb8 elementor-widget elementor-widget-heading\" data-id=\"63beccb8\" data-element_type=\"widget\" data-widget_type=\"heading.default\">\n\t\t\t\t<div class=\"elementor-widget-container\">\n\t\t\t<h4 class=\"elementor-heading-title elementor-size-default\">Pol\u00edtica de Privacidad<\/h4>\t\t<\/div>\n\t\t\t\t<\/div>\n\t\t\t\t<div class=\"elementor-element elementor-element-63890903 elementor-widget elementor-widget-text-editor\" data-id=\"63890903\" data-element_type=\"widget\" data-widget_type=\"text-editor.default\">\n\t\t\t\t<div class=\"elementor-widget-container\">\n\t\t\t\t\t\t\t<p><span style=\"color: #808080;\">Pol\u00edtica de privacidad de datos personales<\/span><\/p><p><span style=\"color: #808080;\">En miniFLETES Izcalli, nos tomamos muy en serio la privacidad y protecci\u00f3n de los datos personales de nuestros clientes y usuarios. Por ello, hemos elaborado esta pol\u00edtica de privacidad para informarte sobre c\u00f3mo recopilamos, utilizamos, protegemos y divulgamos la informaci\u00f3n que recibimos.<\/span><\/p><ol><li><span style=\"color: #808080;\">Recopilacion de informacion<\/span><\/li><\/ol><p><span style=\"color: #808080;\">Recopilamos informaci\u00f3n personal cuando los clientes y usuarios nos proporcionan informaci\u00f3n para realizar una cotizaci\u00f3n, reserva o contrataci\u00f3n de servicios de fletes y mudanzas. Esta informaci\u00f3n puede incluir, entre otros datos, nombre, direcci\u00f3n, correo electr\u00f3nico, n\u00famero de tel\u00e9fono, informaci\u00f3n de pago, informaci\u00f3n de facturaci\u00f3n, informaci\u00f3n del veh\u00edculo y detalles de la mudanza.<\/span><\/p><ol start=\"2\"><li><span style=\"color: #808080;\">Uso de la informacion<\/span><\/li><\/ol><p><span style=\"color: #808080;\">La informaci\u00f3n personal que recopilamos se utiliza para proporcionar servicios de fletes y mudanzas a nuestros clientes y usuarios, as\u00ed como para mejorar nuestros servicios y la experiencia de nuestros clientes y usuarios. Tambi\u00e9n podemos utilizar la informaci\u00f3n para contactar a nuestros clientes y usuarios en caso de ser necesario, como para confirmar reservas o para informar sobre cambios en los servicios.<\/span><\/p><ol start=\"3\"><li><span style=\"color: #808080;\">Protecci\u00f3n de la informaci\u00f3n<\/span><\/li><\/ol><p><span style=\"color: #808080;\">En miniFLETES Izcalli tomamos medidas de seguridad y precauciones para proteger la informaci\u00f3n personal de nuestros clientes y usuarios. Utilizamos tecnolog\u00edas y procedimientos de seguridad para proteger contra el acceso no autorizado, la divulgaci\u00f3n, la modificaci\u00f3n o la destrucci\u00f3n de la informaci\u00f3n personal.<\/span><\/p><ol start=\"4\"><li><span style=\"color: #808080;\">Divulgaci\u00f3n de la informaci\u00f3n<\/span><\/li><\/ol><p><span style=\"color: #808080;\">No divulgamos informaci\u00f3n personal a terceros, salvo que sea necesario para proporcionar nuestros servicios o cumplir con una obligaci\u00f3n legal. En estos casos, nos aseguramos de que se tomen medidas para proteger la informaci\u00f3n personal.<\/span><\/p><ol start=\"5\"><li><span style=\"color: #808080;\">Derechos del titular de los datos<\/span><\/li><\/ol><p><span style=\"color: #808080;\">Los clientes y usuarios tienen derecho a acceder a su informaci\u00f3n personal, corregirla, actualizarla y solicitar su eliminaci\u00f3n. Si desea ejercer estos derechos, puede ponerse en contacto con nosotros a trav\u00e9s de los medios indicados en la secci\u00f3n de contacto de nuestro sitio web.<\/span><\/p><ol start=\"6\"><li><span style=\"color: #808080;\">Cambios en la pol\u00edtica de privacidad<\/span><\/li><\/ol><p><span style=\"color: #808080;\">Podemos actualizar esta pol\u00edtica de privacidad de vez en cuando. Si realizamos cambios significativos, publicaremos una notificaci\u00f3n en nuestro sitio web y actualizaremos la fecha de vigencia indicada en la parte superior de esta pol\u00edtica de privacidad.<\/span><\/p><p><span style=\"color: #808080;\">Si tienes alguna pregunta o inquietud sobre esta pol\u00edtica de privacidad, no dudes en ponerte en contacto con nosotros a trav\u00e9s de los medios indicados en la secci\u00f3n de contacto de nuestro sitio web.<\/span><\/p>\t\t\t\t\t\t<\/div>\n\t\t\t\t<\/div>\n\t\t\t\t\t<\/div>\n\t\t<\/div>\n\t\t\t\t\t<\/div>\n\t\t<\/section>\n\t\t\t\t<\/div>\n\t\t","protected":false},"excerpt":{"rendered":"<p>Pol\u00edtica de Privacidad Pol\u00edtica de privacidad de datos personales En miniFLETES Izcalli, nos tomamos muy en serio la privacidad y protecci\u00f3n de los datos personales de nuestros clientes y usuarios. Por ello, hemos elaborado esta pol\u00edtica de privacidad para informarte sobre c\u00f3mo recopilamos, utilizamos, protegemos y divulgamos la informaci\u00f3n que recibimos. Recopilacion de informacion Recopilamos&hellip; <br \/> <a class=\"button small blue\" href=\"https:\/\/minifletes.com.mx\/index.php\/politica-privacidad\/\">Leer m\u00e1s<\/a><\/p>\n","protected":false},"author":1,"featured_media":0,"parent":0,"menu_order":0,"comment_status":"closed","ping_status":"open","template":"","meta":{"_joinchat":[],"footnotes":""},"class_list":["post-3","page","type-page","status-publish","hentry"],"yoast_head":"<!-- This site is optimized with the Yoast SEO plugin v23.1 - https:\/\/yoast.com\/wordpress\/plugins\/seo\/ -->\n<title>Pol\u00edtica de privacidad &#8211; miniFletes Izcalli<\/title>\n<meta name=\"description\" content=\"Toda la informaci\u00f3n de Pol\u00edtica de privacidad\" \/>\n<meta name=\"robots\" content=\"index, follow, max-snippet:-1, max-image-preview:large, max-video-preview:-1\" \/>\n<link rel=\"canonical\" href=\"https:\/\/minifletes.com.mx\/index.php\/politica-privacidad\/\" \/>\n<meta property=\"og:locale\" content=\"es_ES\" \/>\n<meta property=\"og:type\" content=\"article\" \/>\n<meta property=\"og:title\" content=\"Pol\u00edtica de privacidad &#8211; miniFletes Izcalli\" \/>\n<meta property=\"og:description\" content=\"Toda la informaci\u00f3n de Pol\u00edtica de privacidad\" \/>\n<meta property=\"og:url\" content=\"https:\/\/minifletes.com.mx\/index.php\/politica-privacidad\/\" \/>\n<meta property=\"og:site_name\" content=\"Mini Fletes Izcalli\" \/>\n<meta property=\"article:publisher\" content=\"https:\/\/www.facebook.com\/minifletesizcalli\" \/>\n<meta property=\"article:modified_time\" content=\"2023-03-24T07:01:45+00:00\" \/>\n<meta property=\"og:image\" content=\"https:\/\/minifletes.com.mx\/wp-content\/uploads\/2021\/03\/amarillo.png\" \/>\n<meta name=\"twitter:card\" content=\"summary_large_image\" \/>\n<script type=\"application\/ld+json\" class=\"yoast-schema-graph\">{\"@context\":\"https:\/\/schema.org\",\"@graph\":[{\"@type\":\"WebPage\",\"@id\":\"https:\/\/minifletes.com.mx\/index.php\/politica-privacidad\/\",\"url\":\"https:\/\/minifletes.com.mx\/index.php\/politica-privacidad\/\",\"name\":\"Pol\u00edtica de privacidad &#8211; miniFletes Izcalli\",\"isPartOf\":{\"@id\":\"https:\/\/minifletes.com.mx\/#website\"},\"primaryImageOfPage\":{\"@id\":\"https:\/\/minifletes.com.mx\/index.php\/politica-privacidad\/#primaryimage\"},\"image\":{\"@id\":\"https:\/\/minifletes.com.mx\/index.php\/politica-privacidad\/#primaryimage\"},\"thumbnailUrl\":\"https:\/\/minifletes.com.mx\/wp-content\/uploads\/2021\/03\/amarillo.png\",\"datePublished\":\"2021-03-03T23:39:32+00:00\",\"dateModified\":\"2023-03-24T07:01:45+00:00\",\"description\":\"Toda la informaci\u00f3n de Pol\u00edtica de privacidad\",\"breadcrumb\":{\"@id\":\"https:\/\/minifletes.com.mx\/index.php\/politica-privacidad\/#breadcrumb\"},\"inLanguage\":\"es\",\"potentialAction\":[{\"@type\":\"ReadAction\",\"target\":[\"https:\/\/minifletes.com.mx\/index.php\/politica-privacidad\/\"]}]},{\"@type\":\"ImageObject\",\"inLanguage\":\"es\",\"@id\":\"https:\/\/minifletes.com.mx\/index.php\/politica-privacidad\/#primaryimage\",\"url\":\"https:\/\/minifletes.com.mx\/wp-content\/uploads\/2021\/03\/amarillo.png\",\"contentUrl\":\"https:\/\/minifletes.com.mx\/wp-content\/uploads\/2021\/03\/amarillo.png\",\"width\":1600,\"height\":1072},{\"@type\":\"BreadcrumbList\",\"@id\":\"https:\/\/minifletes.com.mx\/index.php\/politica-privacidad\/#breadcrumb\",\"itemListElement\":[{\"@type\":\"ListItem\",\"position\":1,\"name\":\"Portada\",\"item\":\"https:\/\/minifletes.com.mx\/\"},{\"@type\":\"ListItem\",\"position\":2,\"name\":\"Pol\u00edtica de privacidad\"}]},{\"@type\":\"WebSite\",\"@id\":\"https:\/\/minifletes.com.mx\/#website\",\"url\":\"https:\/\/minifletes.com.mx\/\",\"name\":\"Mini Fletes Izcalli\",\"description\":\"\",\"publisher\":{\"@id\":\"https:\/\/minifletes.com.mx\/#organization\"},\"potentialAction\":[{\"@type\":\"SearchAction\",\"target\":{\"@type\":\"EntryPoint\",\"urlTemplate\":\"https:\/\/minifletes.com.mx\/?s={search_term_string}\"},\"query-input\":\"required name=search_term_string\"}],\"inLanguage\":\"es\"},{\"@type\":\"Organization\",\"@id\":\"https:\/\/minifletes.com.mx\/#organization\",\"name\":\"Mini Fletes Izcalli\",\"url\":\"https:\/\/minifletes.com.mx\/\",\"logo\":{\"@type\":\"ImageObject\",\"inLanguage\":\"es\",\"@id\":\"https:\/\/minifletes.com.mx\/#\/schema\/logo\/image\/\",\"url\":\"https:\/\/minifletes.com.mx\/wp-content\/uploads\/2021\/03\/logo-mini.png\",\"contentUrl\":\"https:\/\/minifletes.com.mx\/wp-content\/uploads\/2021\/03\/logo-mini.png\",\"width\":600,\"height\":600,\"caption\":\"Mini Fletes Izcalli\"},\"image\":{\"@id\":\"https:\/\/minifletes.com.mx\/#\/schema\/logo\/image\/\"},\"sameAs\":[\"https:\/\/www.facebook.com\/minifletesizcalli\"]}]}<\/script>\n<!-- \/ Yoast SEO plugin. -->","yoast_head_json":{"title":"Pol\u00edtica de privacidad &#8211; miniFletes Izcalli","description":"Toda la informaci\u00f3n de Pol\u00edtica de privacidad","robots":{"index":"index","follow":"follow","max-snippet":"max-snippet:-1","max-image-preview":"max-image-preview:large","max-video-preview":"max-video-preview:-1"},"canonical":"https:\/\/minifletes.com.mx\/index.php\/politica-privacidad\/","og_locale":"es_ES","og_type":"article","og_title":"Pol\u00edtica de privacidad &#8211; miniFletes Izcalli","og_description":"Toda la informaci\u00f3n de Pol\u00edtica de privacidad","og_url":"https:\/\/minifletes.com.mx\/index.php\/politica-privacidad\/","og_site_name":"Mini Fletes Izcalli","article_publisher":"https:\/\/www.facebook.com\/minifletesizcalli","article_modified_time":"2023-03-24T07:01:45+00:00","og_image":[{"url":"https:\/\/minifletes.com.mx\/wp-content\/uploads\/2021\/03\/amarillo.png"}],"twitter_card":"summary_large_image","schema":{"@context":"https:\/\/schema.org","@graph":[{"@type":"WebPage","@id":"https:\/\/minifletes.com.mx\/index.php\/politica-privacidad\/","url":"https:\/\/minifletes.com.mx\/index.php\/politica-privacidad\/","name":"Pol\u00edtica de privacidad &#8211; miniFletes Izcalli","isPartOf":{"@id":"https:\/\/minifletes.com.mx\/#website"},"primaryImageOfPage":{"@id":"https:\/\/minifletes.com.mx\/index.php\/politica-privacidad\/#primaryimage"},"image":{"@id":"https:\/\/minifletes.com.mx\/index.php\/politica-privacidad\/#primaryimage"},"thumbnailUrl":"https:\/\/minifletes.com.mx\/wp-content\/uploads\/2021\/03\/amarillo.png","datePublished":"2021-03-03T23:39:32+00:00","dateModified":"2023-03-24T07:01:45+00:00","description":"Toda la informaci\u00f3n de Pol\u00edtica de privacidad","breadcrumb":{"@id":"https:\/\/minifletes.com.mx\/index.php\/politica-privacidad\/#breadcrumb"},"inLanguage":"es","potentialAction":[{"@type":"ReadAction","target":["https:\/\/minifletes.com.mx\/index.php\/politica-privacidad\/"]}]},{"@type":"ImageObject","inLanguage":"es","@id":"https:\/\/minifletes.com.mx\/index.php\/politica-privacidad\/#primaryimage","url":"https:\/\/minifletes.com.mx\/wp-content\/uploads\/2021\/03\/amarillo.png","contentUrl":"https:\/\/minifletes.com.mx\/wp-content\/uploads\/2021\/03\/amarillo.png","width":1600,"height":1072},{"@type":"BreadcrumbList","@id":"https:\/\/minifletes.com.mx\/index.php\/politica-privacidad\/#breadcrumb","itemListElement":[{"@type":"ListItem","position":1,"name":"Portada","item":"https:\/\/minifletes.com.mx\/"},{"@type":"ListItem","position":2,"name":"Pol\u00edtica de privacidad"}]},{"@type":"WebSite","@id":"https:\/\/minifletes.com.mx\/#website","url":"https:\/\/minifletes.com.mx\/","name":"Mini Fletes Izcalli","description":"","publisher":{"@id":"https:\/\/minifletes.com.mx\/#organization"},"potentialAction":[{"@type":"SearchAction","target":{"@type":"EntryPoint","urlTemplate":"https:\/\/minifletes.com.mx\/?s={search_term_string}"},"query-input":"required name=search_term_string"}],"inLanguage":"es"},{"@type":"Organization","@id":"https:\/\/minifletes.com.mx\/#organization","name":"Mini Fletes Izcalli","url":"https:\/\/minifletes.com.mx\/","logo":{"@type":"ImageObject","inLanguage":"es","@id":"https:\/\/minifletes.com.mx\/#\/schema\/logo\/image\/","url":"https:\/\/minifletes.com.mx\/wp-content\/uploads\/2021\/03\/logo-mini.png","contentUrl":"https:\/\/minifletes.com.mx\/wp-content\/uploads\/2021\/03\/logo-mini.png","width":600,"height":600,"caption":"Mini Fletes Izcalli"},"image":{"@id":"https:\/\/minifletes.com.mx\/#\/schema\/logo\/image\/"},"sameAs":["https:\/\/www.facebook.com\/minifletesizcalli"]}]}},"_links":{"self":[{"href":"https:\/\/minifletes.com.mx\/index.php\/wp-json\/wp\/v2\/pages\/3"}],"collection":[{"href":"https:\/\/minifletes.com.mx\/index.php\/wp-json\/wp\/v2\/pages"}],"about":[{"href":"https:\/\/minifletes.com.mx\/index.php\/wp-json\/wp\/v2\/types\/page"}],"author":[{"embeddable":true,"href":"https:\/\/minifletes.com.mx\/index.php\/wp-json\/wp\/v2\/users\/1"}],"replies":[{"embeddable":true,"href":"https:\/\/minifletes.com.mx\/index.php\/wp-json\/wp\/v2\/comments?post=3"}],"version-history":[{"count":6,"href":"https:\/\/minifletes.com.mx\/index.php\/wp-json\/wp\/v2\/pages\/3\/revisions"}],"predecessor-version":[{"id":404,"href":"https:\/\/minifletes.com.mx\/index.php\/wp-json\/wp\/v2\/pages\/3\/revisions\/404"}],"wp:attachment":[{"href":"https:\/\/minifletes.com.mx\/index.php\/wp-json\/wp\/v2\/media?parent=3"}],"curies":[{"name":"wp","href":"https:\/\/api.w.org\/{rel}","templated":true}]}}